t w be (-2)/(-4) + 9/2. Let m be d(w). Suppose 2*y = -4*h + m, 2*h - 5 = 2*y + 11. What is the units digit of h?
5
Let q be 1/(0 + 1/51). Suppose -x + 17 = 5*p - 2*p, 3*x - q = -3*p. What is the tens digit of x?
1
Let l(x) be the second derivative of x**3/3 - 3*x**2/2 + 5*x. What is the units digit of l(6)?
9
Suppose -1 = r - 14. What is the units digit of r?
3
Let f = 18 - 14. Suppose z + f*j - 24 = -3*z, 4*j + 30 = 2*z. What is the units digit of z?
9
Suppose 0 = -4*d - 10 + 30. Suppose 0 = -c + d*c - 8. What is the units digit of c?
2
Let b(t) = 3*t**2 + 1. What is the tens digit of b(-4)?
4
Suppose 4 = b + 1. What is the tens digit of -2 + 15 - (b + -3)?
1
Let m(w) = 2*w**2 + 3*w - 10. What is the units digit of m(-4)?
0
Suppose 0 = -i - 5*s + 4 - 0, -5*s - 10 = 0. Let v = i - 5. What is the units digit of v?
9
Let d(n) = 2*n - 5. Let g be d(5). What is the units digit of 184/20 - 1/g?
9
Let t = 0 - -4. Suppose 11 = -t*n - 5*b + 39, -n + 5*b - 18 = 0. Let p(d) = d**2 - d + 1. What is the units digit of p(n)?
3
Let t = -90 - -151. What is the units digit of t?
1
Let l be 502/12 + 2/12. What is the units digit of 56/l - (-1)/(-3)?
1
Suppose 5*q - 20 = -0*q. Suppose 9 + 3 = q*r. Suppose -i + r*i - 8 = 0. What is the units digit of i?
4
What is the tens digit of ((-56)/6)/(8/(-12))?
1
Suppose 5*u = -5*p + 940, 5*p + 476 = 3*u - 48. What is the tens digit of u?
8
Let l = 49 + -11. What is the units digit of l?
8
Let w be -1 + (-3 - (0 - 9)). Suppose 4*x + 44 = w*b - b, -2*x + 55 = 5*b. What is the tens digit of b?
1
Let j = 374 + -201. What is the hundreds digit of j?
1
Let w be (-10)/(-5)*18/(-4). Let u(x) = -x - 8. Let p be u(w). What is the units digit of p - (1 + 5*-2)?
0
Suppose 0 = -6*s + 2*s + 196. Let x = -30 + s. Suppose 0 = 3*u - 2 - x. What is the units digit of u?
7
Let o = 116 + -50. What is the tens digit of o?
6
Let y = -7 + 5. Suppose 9*f - 11 = 4*f - o, -3*f = 2*o - 8. What is the units digit of f/(y/(-12)*2)?
6
Let h(q) = -9*q - 55. What is the tens digit of h(-19)?
1
Let k be 1/3 + (-1144)/12. Let s = k - -46. Let y = -28 - s. What is the units digit of y?
1
Let y = 0 + -1. Let p be -1 + y + (-16)/(-2). Suppose s - 4*s = 2*b - 4, -5*s + p = 3*b. What is the units digit of b?
2
Suppose 7 = -2*h - 5*r, -4*r - 3 + 7 = 4*h. Suppose -3*l = 3, 5*q - 2 = l + l. Suppose y + y - 4 = q, h*z = y + 38. What is the units digit of z?
0
Let y(p) = p - 6. Let k be y(12). Let w(f) = 5*f**3 - 2*f**2 + f. Let x be w(1). Let v = k - x. What is the units digit of v?
2
Let v be 2 - (-2 - (0 + 0)). Suppose 0*b + 2*r = v*b - 40, 0 = b - 5*r + 8. What is the tens digit of b?
1
Suppose -107 = -5*i - 27. Suppose -9 = -2*o - 1, -4*z + o + 4 = 0. Let h = z + i. What is the units digit of h?
8
Suppose -34 = -u + 3*h - 2*h, -28 = -u - h. What is the tens digit of u?
3
Let b = 5 - 2. Suppose 3*s + b*w = 21, 2*w - 32 = -4*s - 3*w. Suppose -2*q + 3 = q - 2*t, 3*t = 2*q + s. What is the units digit of q?
3
Let t be 6/(-9)*(-78)/2. Suppose 3*a - 4*y + 4 = y, a - 8 = -3*y. Suppose a*x = -4*z + 5*x + t, 0 = -5*z - 5*x + 50. What is the units digit of z?
8
Let x = -8 + 29. Suppose -x = -4*r + 23. What is the units digit of r?
1
Let r(o) = -10*o - 1. What is the units digit of r(-3)?
9
What is the tens digit of 1/(2/3036*6)?
5
Let m(k) = -k**3 - k**2 - k - 1. What is the tens digit of m(-3)?
2
Suppose -u + 51 = 4*k, -2*u = 2*k - 3*u - 33. Let s = k - 1. Let j = s + -5. What is the units digit of j?
8
Suppose -5 = 2*k - 15. Suppose -k*a + a = -68. What is the tens digit of a?
1
Let q(z) = -z**3 - 3*z**2 + 4*z + 4. Let h be q(-4). What is the units digit of h/3*3*2?
8
Suppose -g - 4 = 3*g. Let q = 4 + g. Suppose 0 = n + q*n - 16. What is the units digit of n?
4
Suppose 10 = 2*v + 30. Let o = v - -64. What is the units digit of o?
4
What is the units digit of 1*-6*80/(-12)?
0
Let i be 2 + -2 + 2 + 2. Suppose -40 = i*t - 9*t. Suppose t - 2 = 3*y. What is the units digit of y?
2
Let j(k) = k**3 - 3*k**2 + k - 3. Let g be j(3). Suppose -4*x + 11*x - 105 = g. What is the tens digit of x?
1
Let i be (2/2)/(2/(-18)). Let t be 21 + -13 - 2*2. Let n = t - i. What is the units digit of n?
3
Let n(c) = -c**3 + 7*c**2 - 5*c - 4. Let r be n(6). Suppose 0*i = -i. Suppose -2*h + r = -i*h. What is the units digit of h?
1
Suppose -3*y = 4*q - 23, -2*q - 3 = q. What is the units digit of y?
9
Suppose -7*b + 3*b + 112 = 0. Suppose -3*v + 4*f = -v - b, 5*v - 5*f = 45. Suppose -v*c + c = -3. What is the units digit of c?
1
Let b(o) = 3*o**3 + 4*o**2 + 2. Let a(z) = 4*z**3 + 4*z**2 - z + 2. Let i(p) = -4*a(p) + 5*b(p). What is the tens digit of i(4)?
1
Suppose 4*h + 5*u - 5 = -h, 2*h = -4*u. Suppose -h = -w - 0. What is the units digit of w?
2
Let l = 1 + -2. What is the units digit of (l + 4)/((-4)/(-12))?
9
Let s be 398/10 - (-12)/60. Suppose -3*d = 5*v - s, -d + 4*v = -v. What is the units digit of d?
0
Suppose 10 = -2*h + 66. Suppose -2*l + l - 2*d + 13 = 0, l - h = -5*d. What is the tens digit of -3*(-1 - 8/l)?
1
Suppose -3*n - 9 - 3 = 0. Let h = -1 + n. Let r = h - -9. What is the units digit of r?
4
Let g(r) = r**2 - 7*r + 13. What is the tens digit of g(9)?
3
Suppose -68 = -5*w + 12. Suppose w = 3*i - 5. What is the units digit of i?
7
Let p(s) = -12*s. Let j = -6 - -5. What is the units digit of p(j)?
2
Let c = 7 + -1. Suppose 2*q + 15 = 3*q. Suppose -q = v - c*v. What is the units digit of v?
3
What is the units digit of (-4)/8*1 + (-18)/(-4)?
4
Let x be 243/45 + (-4)/10. Suppose 0 = y - x*y + 32. What is the units digit of y?
8
Let r be (-20)/(-9) + (-4)/18. Suppose 0 = r*k + k - 72. Suppose -31 = -5*x + k. What is the tens digit of x?
1
Suppose -3 = -w - 11. Let g = w + 13. Suppose 16 + 9 = g*i. What is the units digit of i?
5
Suppose 10 = 3*i + 28. Let k = 15 + i. What is the units digit of k?
9
Suppose y - 27 = 3*a, 3*a - 9 = y - 3*y. Let s = 13 - y. What is the units digit of s?
1
Suppose -6 = -2*a - 2*a + 5*i, 2*a - i = 0. What is the tens digit of (3 + a)/(8/76)?
1
Let a be -7 + 3/(-6)*-4. Let l = -7 - a. What is the tens digit of l - (-5 - -2 - 12)?
1
Suppose -3*y + 1 = -11. Suppose 0 = 2*o - 5*o + t - 5, 5*o + 31 = -y*t. Let n = -1 - o. What is the units digit of n?
2
Let s be (-357)/14 + (-2)/4. Let y = s - -45. What is the tens digit of y?
1
What is the tens digit of (-10)/1*(-21 + 0)?
1
Let k = -525 - -805. What is the hundreds digit of k?
2
Let i(q) = -q**2 + 11*q - 20. What is the units digit of i(8)?
4
Let g(j) = -j**2 - 4*j + 5. Let s be g(-6). Let r(f) be the first derivative of f**4/4 + 2*f**3 - 4*f**2 + 6*f - 25. What is the units digit of r(s)?
3
Let h = 119 + -77. What is the tens digit of h?
4
Let x(k) = k**3 - 2*k**2 - 1. Let w be x(0). Suppose -3 = -n - 2*n. What is the units digit of n*7 - (-2)/w?
5
Let l(v) = -3*v + 3 - v + 5*v. Suppose 0 = -2*t - 5*q - 19, 0 = t - 6*q + 3*q - 7. What is the units digit of l(t)?
1
Suppose -3*k + 4*y = -6*k + 134, 2*k - 112 = 3*y. What is the units digit of k?
0
Suppose 0 = l - 0 - 4. Let k be (1 + 0)/(2/l). Suppose -k*a + 0*y - 2*y = -10, -y = -a + 1. What is the units digit of a?
3
Let d = -114 - -211. What is the tens digit of d?
9
Let i(a) = -2*a - 3. Let x be i(-3). Suppose -2*r + 95 = x*r. What is the tens digit of r?
1
Let t = -4 - -13. Suppose 18 + 52 = 5*r. Let a = r - t. What is the units digit of a?
5
Suppose 2*a - 4 = -4*m - 2*a, -4*m = -2*a - 34. Suppose p + 15 = m*p. What is the units digit of p?
3
Let c(b) = 4 + 0 - 2*b - 5. What is the units digit of c(-2)?
3
Suppose s = -4*p + 15, -4*p + p - s = -11. Suppose l + z - p = 4, -z = 3*l - 34. What is the units digit of l?
3
Suppose -2*b = -4*p - 2, 0 = -3*p + b + 1. Let j = -3 + p. Let r = 2 + j. What is the units digit of r?
1
Let a(b) = b**3 + 6*b**2 - b + 3. Suppose 4*h + 19 = -n, n + 23 = -3*h - 2*h. What is the units digit of a(n)?
3
Suppose -4*h = 2*l - 10, -h = 2*l - 1 - 3. Let i be h - 2*6/(-4). Suppose -i*b - 20 = -70. What is the tens digit of b?
1
Suppose -4*k + 5*x = -77, -x = -k + x + 23. What is the units digit of k?
3
What is the units digit of 7/4 + (-10)/(-40)?
2
Suppose i + o = 3*i + 2, 0 = -2*o. What is the tens digit of (-144)/(-9) - 2*i?
1
Suppose 0 = u + 2, -5*o = -2*o - u - 218. What is the units digit of o?
2
Let n(s) = 3*s**2 + 2